{"id":4282,"date":"2019-08-26T12:42:37","date_gmt":"2019-08-26T10:42:37","guid":{"rendered":"http:\/\/www.3zwanzig.de\/abenteuerfabrik\/?page_id=4282"},"modified":"2019-09-16T13:36:35","modified_gmt":"2019-09-16T11:36:35","slug":"live","status":"publish","type":"page","link":"https:\/\/www.3zwanzig.de\/abenteuerfabrik\/live\/","title":{"rendered":"Live"},"content":{"rendered":"<div class=\"wpb-content-wrapper\"><p>[vc_row][vc_column][lab_heading title=&#8220;B\u00fchnenprogramme&#8220;][\/lab_heading][\/vc_column][\/vc_row][vc_row equal_height=&#8220;yes&#8220;][vc_column width=&#8220;1\/3&#8243;][vc_hoverbox image=&#8220;4310&#8243; primary_title=&#8220;&#8220; hover_title=&#8220;Irgendwo&#8220;]<\/p>\n<p style=\"text-align: center;\">im Spreewald<\/p>\n<p>[\/vc_hoverbox][\/vc_column][vc_column width=&#8220;1\/3&#8243;][vc_hoverbox image=&#8220;4293&#8243; primary_title=&#8220;&#8220; hover_title=&#8220;CSD&#8220;]<\/p>\n<p style=\"text-align: center;\">Buntes Stadtfest in Dortmund.<\/p>\n<p style=\"text-align: center;\">Leistung der Abenteuerfabrik:<\/p>\n<ul style=\"list-style-type: square;\">\n<li style=\"text-align: left;\">Moderation<\/li>\n<li style=\"text-align: left;\">K\u00fcnstlerempfehlung<\/li>\n<\/ul>\n<p>[\/vc_hoverbox][\/vc_column][vc_column width=&#8220;1\/3&#8243;][vc_hoverbox image=&#8220;4294&#8243; primary_title=&#8220;&#8220; hover_title=&#8220;ORSO&#8220;]<\/p>\n<p style=\"text-align: left;\">The Rocksymphony Orchestra an der Skisprungschanze Titisee-Neustadt.<br \/>\n\u00dcber 200 Menschen auf der B\u00fchne<\/p>\n<p style=\"text-align: left;\">Leistung der Abenteuerfabrik<\/p>\n<ul style=\"list-style-type: square;\">\n<li style=\"text-align: left;\">Moderation<\/li>\n<\/ul>\n<p>[\/vc_hoverbox][\/vc_column][\/vc_row][vc_row gap=&#8220;20&#8243; equal_height=&#8220;yes&#8220;][vc_column][\/vc_column][\/vc_row][vc_row full_height=&#8220;yes&#8220; equal_height=&#8220;yes&#8220;][vc_column width=&#8220;1\/3&#8243;][vc_column_text]<strong>Am Anfang ist die Stille<\/strong><\/p>\n<p>Kreativ arbeiten wir gerne konzentriert im stillen K\u00e4mmerlein oder ziehen uns f\u00fcr Gro\u00dfprojekte in die Einsamkeit des Spreewaldes zur\u00fcck.[\/vc_column_text][\/vc_column][vc_column width=&#8220;1\/3&#8243;][vc_column_text]<strong>We love Teamwork<\/strong><\/p>\n<p>Je nach Projekt arbeiten wir im weiteren Schritt im Team zusammen, z.B. mit Arrangeuren, Musikern, Schauspielern, Grafikern, Videografen, Produzenten, Maskenbildnern, Tontechnikern.[\/vc_column_text][\/vc_column][vc_column width=&#8220;1\/3&#8243;][vc_column_text]<strong>Auf die B\u00fchne, fertig, los!<\/strong><\/p>\n<p>Kleine B\u00fchne, riesige B\u00fchne oder gr\u00fcne Wiese. Wenn man ein Projekt auf die Beine stellt und es zum Laufen bringt, sind die ersten Gehversuche immer die spannendsten Momente. Ist die Publikumsreaktion die gew\u00fcnschte und erwartete Reaktion? &#8230; YES![\/vc_column_text][\/vc_column][\/vc_row][vc_row gap=&#8220;20&#8243; equal_height=&#8220;yes&#8220;][vc_column][vc_row_inner][vc_column_inner][\/vc_column_inner][\/vc_row_inner][\/vc_column][\/vc_row][vc_row gap=&#8220;20&#8243; equal_height=&#8220;yes&#8220;][vc_column][lab_heading title_tag=&#8220;H3&#8243; title=&#8220;Abenteuer mit KESS&#8220;]Von der Idee bis zur B\u00fchnenumsetzung kommt alles aus der Abenteuerfabrik. Ein Klick aufs Bild f\u00fchrt zur KESS-Homepage.[\/lab_heading][\/vc_column][\/vc_row][vc_row][vc_column][vc_single_image image=&#8220;4290&#8243; img_size=&#8220;full&#8220; onclick=&#8220;custom_link&#8220; img_link_target=&#8220;_blank&#8220; link=&#8220;http:\/\/www.kess-kinderprogramm.de&#8220;][\/vc_column][\/vc_row][vc_row gap=&#8220;20&#8243; equal_height=&#8220;yes&#8220;][vc_column][lab_heading title_tag=&#8220;H3&#8243; title=&#8220;Rocksical &#8222;Die Harzsch\u00fctzen&#8220;][\/lab_heading][\/vc_column][\/vc_row][vc_row][vc_column width=&#8220;1\/2&#8243;][vc_single_image image=&#8220;4331&#8243; img_size=&#8220;full&#8220; style=&#8220;vc_box_rounded&#8220; css_animation=&#8220;fadeIn&#8220;][vc_column_text]<strong>Die Harzsch\u00fctzen<\/strong><\/p>\n<p>Das St\u00fcck spielt zur Zeit des 30-j\u00e4hrigen Krieges. Die unterdr\u00fcckte Bev\u00f6lkerung flieht in die W\u00e4lder des Harzes, um von dort aus den feinen Herren wieder und wieder einen geh\u00f6rigen Schrecken einzujagen.<\/p>\n<p>Ein Musical f\u00fcr die ganze Familie, umgesetzt mit Live-Band.<\/p>\n<p><strong>Leistung<\/strong><\/p>\n<ul style=\"list-style-type: square;\">\n<li>Text &amp; Komposition<\/li>\n<li>Casting<\/li>\n<li>Regie<\/li>\n<\/ul>\n<p>[\/vc_column_text][\/vc_column][vc_column width=&#8220;1\/2&#8243;][vc_single_image image=&#8220;4321&#8243; img_size=&#8220;full&#8220; style=&#8220;vc_box_rounded&#8220; css_animation=&#8220;fadeIn&#8220;][vc_column_text]<strong>Der Harz ist unser &#8211;<\/strong><\/p>\n<p>So lautet der Titelsong der &#8222;Harzsch\u00fctzen&#8220;. Entstanden ist er in der Abenteuerfabrik, geschrieben von Conny Kanik. Alle Lieder des Musicals stammen aus ihrer Feder und wurden gemeinsam mit der Harzsch\u00fctzen-Band arrangiert. Vertont wurden neue Texte, aber auch bedeutende Werke wie &#8222;Tr\u00e4nen des Vaterlandes&#8220; (Andreas Gryphius), &#8222;Abend&#8220; (Paul Gerhardt) oder &#8222;\u00c4nnchen von Tharau&#8220; (Simon Dach).<\/p>\n<p><strong>Reinh\u00f6ren in &#8222;Abend&#8220; auf unserer <a href=\"https:\/\/www.abenteuerfabrik.de\/musik\/\">Musikseite<\/a>.<\/strong><\/p>\n<p><em>Fotos: Schuhmann \/ MZ Mitteldeutsche Zeitung<\/em><br \/>\n<em>Produktion: Manthey Event GmbH<\/em>[\/vc_column_text][\/vc_column][\/vc_row][vc_row][vc_column width=&#8220;1\/3&#8243;][\/vc_column][vc_column width=&#8220;1\/3&#8243;][vc_btn title=&#8220;Musik aus der Abenteuerfabrik&#8220; style=&#8220;flat&#8220; color=&#8220;pink&#8220; align=&#8220;center&#8220; link=&#8220;url:http%3A%2F%2Fwww.3zwanzig.de%2Fabenteuerfabrik%2Fmusik%2F|title:Musik||&#8220;][vc_btn title=&#8220;Wer braucht eigentlich eine Kreativagentur?&#8220; style=&#8220;flat&#8220; color=&#8220;pink&#8220; align=&#8220;center&#8220; css_animation=&#8220;lightSpeedIn&#8220; link=&#8220;url:http%3A%2F%2Fwww.3zwanzig.de%2Fabenteuerfabrik%2Ffaq-kreativagentur%2F|title:Musik||&#8220;][\/vc_column][vc_column width=&#8220;1\/3&#8243;][\/vc_column][\/vc_row]<\/p>\n<\/div>","protected":false},"excerpt":{"rendered":"<p>[vc_row][vc_column][lab_heading title=&#8220;B\u00fchnenprogramme&#8220;][\/lab_heading][\/vc_column][\/vc_row][vc_row equal_height=&#8220;yes&#8220;][vc_column width=&#8220;1\/3&#8243;][vc_hoverbox image=&#8220;4310&#8243; primary_title=&#8220;&#8220; hover_title=&#8220;Irgendwo&#8220;] im Spreewald [\/vc_hoverbox][\/vc_column][vc_column width=&#8220;1\/3&#8243;][vc_hoverbox image=&#8220;4293&#8243; primary_title=&#8220;&#8220; hover_title=&#8220;CSD&#8220;] Buntes Stadtfest in Dortmund. Leistung der Abenteuerfabrik: Moderation K\u00fcnstlerempfehlung [\/vc_hoverbox][\/vc_column][vc_column width=&#8220;1\/3&#8243;][vc_hoverbox image=&#8220;4294&#8243; primary_title=&#8220;&#8220; hover_title=&#8220;ORSO&#8220;] The Rocksymphony Orchestra an der Skisprungschanze Titisee-Neustadt. \u00dcber 200 Menschen auf der B\u00fchne Leistung der Abenteuerfabrik Moderation [\/vc_hoverbox][\/vc_column][\/vc_row][vc_row gap=&#8220;20&#8243; equal_height=&#8220;yes&#8220;][vc_column][\/vc_column][\/vc_row][vc_row full_height=&#8220;yes&#8220; equal_height=&#8220;yes&#8220;][vc_column width=&#8220;1\/3&#8243;][vc_column_text]Am Anfang ist die Stille&hellip;<\/p>\n","protected":false},"author":1,"featured_media":0,"parent":0,"menu_order":0,"comment_status":"closed","ping_status":"closed","template":"","meta":{"footnotes":""},"class_list":["post-4282","page","type-page","status-publish","hentry"],"_links":{"self":[{"href":"https:\/\/www.3zwanzig.de\/abenteuerfabrik\/wp-json\/wp\/v2\/pages\/4282","targetHints":{"allow":["GET"]}}],"collection":[{"href":"https:\/\/www.3zwanzig.de\/abenteuerfabrik\/wp-json\/wp\/v2\/pages"}],"about":[{"href":"https:\/\/www.3zwanzig.de\/abenteuerfabrik\/wp-json\/wp\/v2\/types\/page"}],"author":[{"embeddable":true,"href":"https:\/\/www.3zwanzig.de\/abenteuerfabrik\/wp-json\/wp\/v2\/users\/1"}],"replies":[{"embeddable":true,"href":"https:\/\/www.3zwanzig.de\/abenteuerfabrik\/wp-json\/wp\/v2\/comments?post=4282"}],"version-history":[{"count":36,"href":"https:\/\/www.3zwanzig.de\/abenteuerfabrik\/wp-json\/wp\/v2\/pages\/4282\/revisions"}],"predecessor-version":[{"id":4425,"href":"https:\/\/www.3zwanzig.de\/abenteuerfabrik\/wp-json\/wp\/v2\/pages\/4282\/revisions\/4425"}],"wp:attachment":[{"href":"https:\/\/www.3zwanzig.de\/abenteuerfabrik\/wp-json\/wp\/v2\/media?parent=4282"}],"curies":[{"name":"wp","href":"https:\/\/api.w.org\/{rel}","templated":true}]}}