{"id":4049,"date":"2019-08-18T11:36:10","date_gmt":"2019-08-18T09:36:10","guid":{"rendered":"http:\/\/www.3zwanzig.de\/abenteuerfabrik\/?page_id=4049"},"modified":"2019-10-05T12:52:08","modified_gmt":"2019-10-05T10:52:08","slug":"figurenentwicklung","status":"publish","type":"page","link":"https:\/\/www.3zwanzig.de\/abenteuerfabrik\/figurenentwicklung\/","title":{"rendered":"Figurenentwicklung"},"content":{"rendered":"<div class=\"wpb-content-wrapper\"><p>[vc_row equal_height=&#8220;yes&#8220;][vc_column][vc_row_inner][vc_column_inner][lab_heading title_tag=&#8220;H1&#8243; title=&#8220;Figurenentwicklung&#8220;][\/lab_heading][\/vc_column_inner][\/vc_row_inner][\/vc_column][\/vc_row][vc_row][vc_column][vc_row_inner equal_height=&#8220;yes&#8220; css=&#8220;.vc_custom_1570272672179{background-color: #f2cd82 !important;}&#8220;][vc_column_inner width=&#8220;1\/3&#8243;][vc_hoverbox image=&#8220;4064&#8243; primary_title=&#8220;&#8220; hover_title=&#8220;Der Plauz&#8220; el_width=&#8220;90&#8243; css_animation=&#8220;bounceIn&#8220; el_class=&#8220;equal-height-content&#8220; css=&#8220;.vc_custom_1570266967731{border-bottom-width: 3px !important;}&#8220;]<\/p>\n<p style=\"text-align: center;\">&#8222;Ich bin der Plauz.<br \/>\nWas raus, muss raus.&#8220;<\/p>\n<ul style=\"list-style-type: square; text-align: left;\">\n<li>Idee<\/li>\n<li>Grafische Umsetzung<\/li>\n<li>Charakter<\/li>\n<li>Stimme<\/li>\n<li>Live-Umsetzung<\/li>\n<\/ul>\n<p style=\"text-align: left;\">Der putzige Plauz: Eine Figur aus dem Kindermusical &#8222;Der Winterdiamant&#8220;. Er gibt sich alle M\u00fche zu missfallen und doch fliegen ihm am Ende die Herzen des Publikums entgegen.<\/p>\n<p>[\/vc_hoverbox][\/vc_column_inner][vc_column_inner width=&#8220;1\/3&#8243;][vc_hoverbox image=&#8220;4057&#8243; primary_title=&#8220;&#8220; hover_title=&#8220;KESS&#8220; el_width=&#8220;90&#8243; css_animation=&#8220;bounceIn&#8220; css=&#8220;.vc_custom_1570266974980{border-bottom-width: 3px !important;}&#8220;]<\/p>\n<p style=\"text-align: center;\">&#8222;Ich bin KESS. Wer bist du?&#8220;<\/p>\n<ul style=\"list-style-type: square; text-align: left;\">\n<li>Idee<\/li>\n<li>Grafische Umsetzung<\/li>\n<li>Charakter<\/li>\n<li>Stimme<\/li>\n<li>6 H\u00f6rspielproduktionen<\/li>\n<li>Live-Umsetzung<\/li>\n<\/ul>\n<p style=\"text-align: left;\">KESS ist die Hauptfigur aus &#8222;Abenteuer mit KESS&#8220;. Seit \u00fcber zehn Jahren begeistert KESS Kinder, Erwachsene und P\u00e4dagogen.<\/p>\n<p style=\"text-align: left;\"><a href=\"http:\/\/kess-kinderprogramm.de\" target=\"_blank\" rel=\"noopener noreferrer\">Homepage von KESS<\/a><\/p>\n<p>[\/vc_hoverbox][\/vc_column_inner][vc_column_inner width=&#8220;1\/3&#8243;][vc_hoverbox image=&#8220;4062&#8243; primary_title=&#8220;&#8220; hover_title=&#8220;K\u00e4nguru Sydney&#8220; el_width=&#8220;90&#8243; css_animation=&#8220;bounceIn&#8220; css=&#8220;.vc_custom_1570266982968{border-bottom-width: 3px !important;}&#8220;]<\/p>\n<p style=\"text-align: center;\">Zeichnung: <a href=\"http:\/\/www.stadtrundfahrt.com\" target=\"_blank\" rel=\"noopener noreferrer\">stadtrundfahrt.com<\/a><\/p>\n<p style=\"text-align: center;\">&#8222;Ich bin das freundliche Stadtk\u00e4nguru.&#8220;<\/p>\n<ul style=\"list-style-type: square; text-align: left;\">\n<li>Idee<\/li>\n<li>Charakter<\/li>\n<li>Stimme<\/li>\n<li>H\u00f6rspielproduktion<\/li>\n<li>Song<\/li>\n<\/ul>\n<p style=\"text-align: left;\">Sydney nimmt die Kinder\u00a0im Hop On Hop Off Bus mit auf Drachenjagd durch Dresden. Einfach den Audiokanal f\u00fcr Kids einschalten.<\/p>\n<p>[\/vc_hoverbox][\/vc_column_inner][\/vc_row_inner][vc_row_inner css=&#8220;.vc_custom_1566122798413{background-color: #f2cd82 !important;}&#8220;][vc_column_inner][\/vc_column_inner][\/vc_row_inner][vc_row_inner][vc_column_inner][lab_heading title_tag=&#8220;H1&#8243; title=&#8220;Figuren eine Stimme geben&#8220;][\/lab_heading][\/vc_column_inner][\/vc_row_inner][vc_row_inner][vc_column_inner][\/vc_column_inner][\/vc_row_inner][\/vc_column][\/vc_row][vc_row][vc_column][vc_row_inner equal_height=&#8220;yes&#8220; css=&#8220;.vc_custom_1570272716699{background-color: #ed977d !important;}&#8220;][vc_column_inner width=&#8220;1\/3&#8243;][vc_hoverbox image=&#8220;4059&#8243; primary_title=&#8220;&#8220; hover_title=&#8220;Linea&#8220; el_width=&#8220;90&#8243; css_animation=&#8220;fadeIn&#8220; el_class=&#8220;equal-height-content&#8220;]<\/p>\n<p style=\"text-align: center;\">Grafik: <a href=\"http:\/\/sozialgestalten.de\" target=\"_blank\" rel=\"noopener noreferrer\">sozialgestalten.de<\/a> und <a href=\"http:\/\/momelino.info\" target=\"_blank\" rel=\"noopener noreferrer\">Momelino.info<\/a><\/p>\n<p style=\"text-align: center;\"><strong>Forscherin Linea<\/strong><\/p>\n<p style=\"text-align: left;\">Linea nimmt Kita-Kinder in Workshops mit auf spannende Reisen. Wir haben der Forscherin eine Stimme gegeben.<\/p>\n<p style=\"text-align: left;\">wiKilino ist ein Bildungsprogramm von Momelino. Momelino ist ein gemeinn\u00fctziges Sozialunternehmen, welches Bildungsprogramme entwickelt und umsetzt, um Kinder in den MINT-Bereichen zu f\u00f6rdern.<\/p>\n<p style=\"text-align: left;\"><a href=\"http:\/\/wikilino.info\" target=\"_blank\" rel=\"noopener noreferrer\">Homepage wiKilino<\/a><\/p>\n<p>[\/vc_hoverbox][\/vc_column_inner][vc_column_inner width=&#8220;1\/3&#8243;][vc_hoverbox image=&#8220;4060&#8243; primary_title=&#8220;&#8220; hover_title=&#8220;Linus&#8220; el_width=&#8220;90&#8243; css_animation=&#8220;fadeIn&#8220;]Grafik: <a href=\"http:\/\/sozialgestalten.de\" target=\"_blank\" rel=\"noopener noreferrer\">sozialgestalten.de<\/a> und <a href=\"http:\/\/momelino.info\" target=\"_blank\" rel=\"noopener noreferrer\">Momelino.info<\/a><\/p>\n<p><strong>Der Zeitreiselehrling<\/strong><\/p>\n<p style=\"text-align: left;\">Linus ist der Bruder von Linea. Er forscht auch sehr gerne.<br \/>\nSein Spezialgebiet sind aber Zeitreisen, Geschichte und Sprache.<\/p>\n<p style=\"text-align: left;\">Bei seinen Zeitreisen muss er noch etwas \u00fcben, damit er auch immer dort landet, wo er hin will.<\/p>\n<p style=\"text-align: left;\">Wir haben Linus eine Stimme verliehen. Und wenn er sich irgendwann mal auf den Weg ins echte Leben machen will, nehmen wir ihn an die Hand.<\/p>\n<p>[\/vc_hoverbox][\/vc_column_inner][vc_column_inner width=&#8220;1\/3&#8243;][vc_hoverbox image=&#8220;4058&#8243; primary_title=&#8220;&#8220; hover_title=&#8220;Anna&#8220; el_width=&#8220;90&#8243; css_animation=&#8220;fadeIn&#8220;]Grafik: <a href=\"http:\/\/sozialgestalten.de\" target=\"_blank\" rel=\"noopener noreferrer\">sozialgestalten.de<\/a> und <a href=\"http:\/\/momelino.info\" target=\"_blank\" rel=\"noopener noreferrer\">Momelino.info<\/a><\/p>\n<p><strong>Die K\u00fcnstlerin<\/strong><\/p>\n<p style=\"text-align: left;\">Das ist Anna. Sie malt und bastelt f\u00fcr ihr Leben gern. Alles was mit Farben, Formen und Mustern zu tun hat, macht ihr Spa\u00df. Mathematik und Zahlen liegen ihr aber nicht so. Bei den Workshops in Kitas entdeckt Anna gemeinsam mit den Kindern und mit Hilfe ihres Sternenraumschiffes viele wiKilino-Planeten.<\/p>\n<p style=\"text-align: left;\"><em>Wir haben die Sprachaufnahmen f\u00fcr Anna durchgef\u00fchrt und sensibel eine Kinderstimme daf\u00fcr eingefangen.<\/em><\/p>\n<p>[\/vc_hoverbox][\/vc_column_inner][\/vc_row_inner][vc_row_inner css=&#8220;.vc_custom_1566122755482{background-color: #ed977d !important;}&#8220;][vc_column_inner][\/vc_column_inner][\/vc_row_inner][\/vc_column][\/vc_row][vc_row][vc_column][lab_heading title=&#8220;Figuren zum Leben erwecken&#8220;][\/lab_heading][\/vc_column][\/vc_row][vc_row][vc_column][vc_row_inner equal_height=&#8220;yes&#8220;][vc_column_inner width=&#8220;1\/3&#8243;][vc_gallery interval=&#8220;3&#8243; images=&#8220;4178,4179,4180,4181&#8243; img_size=&#8220;medium&#8220;][\/vc_column_inner][vc_column_inner width=&#8220;1\/3&#8243;][vc_single_image image=&#8220;4061&#8243; img_size=&#8220;medium&#8220; style=&#8220;vc_box_rounded&#8220;][\/vc_column_inner][vc_column_inner width=&#8220;1\/3&#8243;][vc_single_image image=&#8220;4063&#8243; img_size=&#8220;medium&#8220; style=&#8220;vc_box_rounded&#8220;][\/vc_column_inner][\/vc_row_inner][vc_row_inner equal_height=&#8220;yes&#8220;][vc_column_inner width=&#8220;1\/3&#8243;][lab_heading title_tag=&#8220;H3&#8243; title=&#8220;Grusel-Figuren&#8220;][\/lab_heading][vc_column_text]Die Gruseltour durch Dresden ist ein spannendes Projekt der Stadtrundfahrt Dresden. Die Live-Umsetzung ist aktuell noch in Arbeit.<\/p>\n<p>Wir haben in der dunklen Vergangenheit der s\u00e4chsischen Landeshauptstadt geforscht und allerhand Schauergeschichten ausgegraben.<\/p>\n<p>Aus Wahrheit und Fiktion bastelten wir eine spannende Story und schrieben das Regiebuch f\u00fcr die Audioproduktionen. F\u00fcr die Live-Umsetzung haben wir Figuren schon mal skizziert (Zeichnung Jenny Grell, HfBK Dresden). So haben Sie August der Starke &amp; Gr\u00e4fin Cosel noch nie gesehen&#8230;<\/p>\n<p>Auf dieser Seite k\u00f6nnen Sie Gevatter Tod sprechen h\u00f6ren: <a href=\"https:\/\/www.abenteuerfabrik.de\/sprachaufnahmen\/\">Sprachaufnahmen<\/a>.[\/vc_column_text][\/vc_column_inner][vc_column_inner width=&#8220;1\/3&#8243;][lab_heading title_tag=&#8220;H3&#8243; title=&#8220;Die STEINIS&#8220;][\/lab_heading][vc_column_text]<\/p>\n<p style=\"text-align: left;\">Die STEINIS sind, ebenso wie KESS, ein 100%-Produkt der Abenteuerfabrik.<\/p>\n<p style=\"text-align: left;\">Na sowas, die STEINIS sind los! Sie zeigen Kindern, wie man sich im Supermarkt verh\u00e4lt oder sollte man besser sagen, wie man sich nicht verh\u00e4lt?!<\/p>\n<p style=\"text-align: left;\">Eines ist sicher, wo die STEINIS auftauchen, wird es lustig. Uga Uga!<\/p>\n<p style=\"text-align: left;\">Die STEINIS sind zwei Figuren aus dem Kindermusical &#8222;Hey Hey Handy!&#8220; Dort hatten sie ihren ersten Kontakt mit der Neuzeit und waren mit den neumodischen Herausforderungen erst einmal total \u00fcberfordert.<\/p>\n<p style=\"text-align: left;\">Sogar im <strong>Tropical Islands<\/strong> waren die STEINIS schon zu Besuch. Da haben die beiden nicht schlecht gestaunt und die Badeg\u00e4ste haben gro\u00dfe Augen gemacht&#8230;<\/p>\n<p>[\/vc_column_text][\/vc_column_inner][vc_column_inner width=&#8220;1\/3&#8243;][lab_heading title_tag=&#8220;H3&#8243; title=&#8220;KESS &amp; Sydney&#8220;][\/lab_heading][vc_column_text]Sydney und KESS gemeinsam in Dresden auf dem Neumarkt vor der Frauenkirche. Zum Tourismustag wollten beide in der City live dabei sein. Die Kids hatten Spa\u00df und die Pl\u00e4tze im speziellen Kinderstadtrundfahrt-Bus waren sehr begehrt.[\/vc_column_text][\/vc_column_inner][\/vc_row_inner][\/vc_column][\/vc_row][vc_row][vc_column width=&#8220;1\/3&#8243;][\/vc_column][vc_column width=&#8220;1\/3&#8243;][lab_heading title=&#8220;STEINIS im Supermarkt&#8220;]Uga Uga, so geht Einkaufen [\/lab_heading][\/vc_column][vc_column width=&#8220;1\/3&#8243;][\/vc_column][\/vc_row][vc_row][vc_column][vc_video link=&#8220;https:\/\/youtu.be\/6sZjbFhr-Zc&#8220; el_width=&#8220;70&#8243; align=&#8220;center&#8220; css_animation=&#8220;fadeIn&#8220;][\/vc_column][\/vc_row][vc_row][vc_column width=&#8220;1\/3&#8243;][\/vc_column][vc_column width=&#8220;1\/3&#8243;][lab_heading title_tag=&#8220;H3&#8243; title=&#8220;Das k\u00f6nnte Sie auch interessieren&#8230;&#8220;][\/lab_heading][vc_btn title=&#8220;Sprachaufnahmen&#8220; style=&#8220;flat&#8220; color=&#8220;pink&#8220; align=&#8220;left&#8220; css_animation=&#8220;fadeInLeft&#8220; link=&#8220;url:http%3A%2F%2Fwww.3zwanzig.de%2Fabenteuerfabrik%2Fsprachaufnahmen%2F|title:Sprachaufnahmen||&#8220;][vc_btn title=&#8220;\u00dcber die Abenteuerfabrik&#8220; style=&#8220;flat&#8220; color=&#8220;pink&#8220; align=&#8220;left&#8220; css_animation=&#8220;lightSpeedIn&#8220; link=&#8220;url:http%3A%2F%2Fwww.3zwanzig.de%2Fabenteuerfabrik%2Fabout%2F|title:About||&#8220;][\/vc_column][vc_column width=&#8220;1\/3&#8243;][\/vc_column][\/vc_row]<\/p>\n<\/div>","protected":false},"excerpt":{"rendered":"<p>[vc_row equal_height=&#8220;yes&#8220;][vc_column][vc_row_inner][vc_column_inner][lab_heading title_tag=&#8220;H1&#8243; title=&#8220;Figurenentwicklung&#8220;][\/lab_heading][\/vc_column_inner][\/vc_row_inner][\/vc_column][\/vc_row][vc_row][vc_column][vc_row_inner equal_height=&#8220;yes&#8220; css=&#8220;.vc_custom_1570272672179{background-color: #f2cd82 !important;}&#8220;][vc_column_inner width=&#8220;1\/3&#8243;][vc_hoverbox image=&#8220;4064&#8243; primary_title=&#8220;&#8220; hover_title=&#8220;Der Plauz&#8220; el_width=&#8220;90&#8243; css_animation=&#8220;bounceIn&#8220; el_class=&#8220;equal-height-content&#8220; css=&#8220;.vc_custom_1570266967731{border-bottom-width: 3px !important;}&#8220;] &#8222;Ich bin der Plauz. Was raus, muss raus.&#8220; Idee Grafische Umsetzung Charakter Stimme Live-Umsetzung Der putzige Plauz: Eine Figur aus dem Kindermusical &#8222;Der Winterdiamant&#8220;. Er gibt sich alle M\u00fche zu missfallen und doch fliegen ihm am&hellip;<\/p>\n","protected":false},"author":1,"featured_media":0,"parent":0,"menu_order":0,"comment_status":"closed","ping_status":"closed","template":"","meta":{"footnotes":""},"class_list":["post-4049","page","type-page","status-publish","hentry"],"_links":{"self":[{"href":"https:\/\/www.3zwanzig.de\/abenteuerfabrik\/wp-json\/wp\/v2\/pages\/4049","targetHints":{"allow":["GET"]}}],"collection":[{"href":"https:\/\/www.3zwanzig.de\/abenteuerfabrik\/wp-json\/wp\/v2\/pages"}],"about":[{"href":"https:\/\/www.3zwanzig.de\/abenteuerfabrik\/wp-json\/wp\/v2\/types\/page"}],"author":[{"embeddable":true,"href":"https:\/\/www.3zwanzig.de\/abenteuerfabrik\/wp-json\/wp\/v2\/users\/1"}],"replies":[{"embeddable":true,"href":"https:\/\/www.3zwanzig.de\/abenteuerfabrik\/wp-json\/wp\/v2\/comments?post=4049"}],"version-history":[{"count":41,"href":"https:\/\/www.3zwanzig.de\/abenteuerfabrik\/wp-json\/wp\/v2\/pages\/4049\/revisions"}],"predecessor-version":[{"id":4441,"href":"https:\/\/www.3zwanzig.de\/abenteuerfabrik\/wp-json\/wp\/v2\/pages\/4049\/revisions\/4441"}],"wp:attachment":[{"href":"https:\/\/www.3zwanzig.de\/abenteuerfabrik\/wp-json\/wp\/v2\/media?parent=4049"}],"curies":[{"name":"wp","href":"https:\/\/api.w.org\/{rel}","templated":true}]}}